(2/7)/(3 - 80/28). Let v(q) = 2*q**2. Let o be v(-3). Suppose d*g = o + 26. Is g a prime number?
False
Suppose 5*u + 0*u + 312619 = 2*p, 5*u + p + 312613 = 0. Is u/(-12)*(-28)/(-21) a composite number?
False
Let q(f) = -3212*f + 98. Is q(-4) a prime number?
False
Suppose 0 = -o - 0*h + 4*h + 15, 3 = 3*o + 2*h. Is (-2)/(-5) + 633*o/15 composite?
False
Let u = 42 + -45. Let f(r) = 23*r**2 + 5*r - 1. Is f(u) prime?
True
Suppose -61*z = -51*z - 2230. Is z a composite number?
False
Let a = 19 - 16. Suppose 1998 = a*s - o, -2*o - 3*o = -s + 680. Suppose -s = 5*y - 2650. Is y composite?
False
Is (8 - 119720/(-32))/(6/8) prime?
True
Suppose -6 = 2*t + 5*r, -12 = -3*t - 2*t + r. Suppose 3927 = t*f - 2415. Suppose 4*s = 5*a - 5289, 0 = 3*a + 4*s - 7*s - f. Is a prime?
True
Let o be (1 - 2)*1 + 7 - 2. Let b(y) = -y - 3. Let j be b(-3). Suppose 3*c + 172 = o*a - j*c, c = 0. Is a composite?
False
Suppose -15575 = -x - 6*i, -3*x = -5*i - 24749 - 21999. Is x composite?
False
Let v(f) be the second derivative of f**6/45 - 2*f**5/15 + 13*f**4/24 + 2*f**3 + f. Let l(o) be the second derivative of v(o). Is l(10) a composite number?
False
Let c(m) = -2*m - 18. Let k be c(-9). Suppose k = -4*j - 5*a + 2371, a = -0*j + 5*j - 3000. Let g = j + -422. Is g prime?
False
Let g be -4*(-9)/12 - -90. Suppose k = g + 116. Is k prime?
False
Suppose 2*s - t = 4*s - 1, 5*s + 5 = 5*t. Suppose 0 = 5*z - s - 15. Suppose 0 = 2*c - 5*h - 158, -2*c - 5*h = z*c - 465. Is c a prime number?
True
Suppose 0 = -60*s + 63*s - 6999. Is s a prime number?
True
Suppose 26 = -9*l - 1. Is 3 + (l + 5)*146 a composite number?
True
Let x = 27 - 22. Suppose -x*w = -2*w - 19347. Is w a prime number?
True
Suppose 4*s - 6 = 2*s. Suppose 7*d - 16 = s*d. Suppose 0*a = d*a - 88. Is a prime?
False
Suppose -i - 2 = 0, -4*s - 3*i = -s - 6. Is s/(-14) + (-10770)/(-14) prime?
True
Suppose -18*q = -531157 - 180581. Is q a composite number?
False
Let q(z) = 4*z**2 - 8*z - 2. Let t be q(11). Is t - (-8 + 4) - 1 a composite number?
False
Let c = -37 + 26. Let a = c - -12. Is a*2*(-5628)/(-24) a composite number?
True
Let o(y) = 78*y**3 - 7*y**2 - 10*y - 10. Let k(p) = -77*p**3 + 6*p**2 + 9*p + 9. Let b(r) = 7*k(r) + 6*o(r). Is b(-4) composite?
True
Let k be (-8847)/(-8) - (-19)/152. Let r = k - 228. Is r prime?
False
Let f(g) = g**3 - g + 1622. Let k be f(0). Suppose -5*j = -j + 2*a - k, 5*j - 5*a = 2050. Is j a prime number?
False
Let t be 2226/10*(-3 + 8). Let l = t + -752. Is l a prime number?
False
Suppose -f + 3*l - 141 = 0, -2*l + 1 = 5. Let r = -103 - f. Suppose 47*z - r*z - 1527 = 0. Is z prime?
True
Let o(q) be the second derivative of -q**4/6 - 13*q**3/6 + 2*q**2 + 5*q. Let t(h) be the first derivative of o(h). Is t(-14) composite?
False
Suppose 5*b = 4*t - 142, 0 = -5*t - 5*b + 184 - 29. Let j = t - 30. Suppose 0 = u + j*p - 192, -5*u - 2*p + 254 = -641. Is u prime?
False
Let y(d) be the first derivative of d**3/3 - 3*d**2 - 7*d - 2. Let w be y(5). Is w*-2*502/16 composite?
True
Suppose 16530 = 7*h - 17*h. Let p = -952 - h. Is p composite?
False
Suppose 3*d + 18232 = 4*l, 3*l = 3*d + 8023 + 5651. Let k = l + -2321. Is k a composite number?
False
Suppose 0 = -5*l + 5, 4*l - 31943 = 3*d - 124246. Is d composite?
True
Suppose 8*d - 124304 = -26520. Is d prime?
False
Suppose -12 = 2*t - 6*y + 2*y, t - 5*y + 21 = 0. Suppose -4*a + a = -2*z - 603, t*z - 1027 = -5*a. Is a a prime number?
False
Let n(d) = -2*d**3 + 35*d**2 + 27*d - 29. Suppose 9*k + 162 = 18*k. Is n(k) a prime number?
False
Suppose 2*g - 2*o + 3*o = -14, 0 = 2*o + 4. Is -1082*4/16*g a prime number?
False
Let b(m) = 24*m - 6. Let v be b(3). Let p = -29 + v. Is p a composite number?
False
Suppose 1839 = -4*q + 7*q. Is q composite?
False
Let c = 23761 - -7202. Is c a prime number?
False
Let t be (11 + 1)*(-7)/21. Let w be -2*((-80)/t)/(-2). Suppose -7*n + 2*n - w = 0, -5*b + 2*n = -1693. Is b composite?
False
Let k = 515 - 364. Suppose -2*w = -153 - k. Suppose -2*n + 114 = -w. Is n a composite number?
True
Let u(r) be the first derivative of 5*r**3/3 + r**2 - 5*r + 2. Suppose -8*x + 5*x - 18 = 0. Is u(x) prime?
True
Suppose 0 = -71*u + 65*u + 18. Let o(g) = 8*g**2 - g + 10. Is o(u) a prime number?
True
Let u(v) = 1009*v**2 + 11*v - 1. Is u(3) composite?
True
Suppose 0 = -2*i + 5*a + 19, 5*i + 5*a + 12 = 7. Suppose -5*l = i*x - 4001 + 47, 1955 = x - 3*l. Is x a composite number?
True
Let w(o) = -o**2 - 5*o + 4. Let k be w(-5). Let p be (-7*113)/(4/((-24)/6)). Suppose 522 = 2*c + k*s, 4*c - c + 2*s - p = 0. Is c composite?
True
Let k = 47201 + -17424. Suppose w - k = -10*w. Is w composite?
False
Suppose a + 5*f = 1818, 5*a - 5*f = 1532 + 7648. Let j = a + 710. Is j prime?
True
Let l be 2100 - (0 - 0/(-1)). Let b = -1261 + l. Is b a composite number?
False
Let n be ((-2)/((-16)/12))/(2/(-16)). Is ((-1738)/n*2)/((-3)/(-9)) a composite number?
True
Is 6*(-35)/(-42) - (-27210)/1 a prime number?
False
Let z = 26 + -54. Let q be 1016/z + (-6)/(-21). Let h = 103 + q. Is h prime?
True
Let t(l) = -2*l**3 + l**2 - 17*l + 10. Let a(r) = 3*r**3 - r**2 + 18*r - 9. Let u(d) = 3*a(d) + 4*t(d). Suppose f - 6 = 4. Is u(f) prime?
False
Suppose 743821 = 629*u - 600*u. Is u prime?
False
Let i = 1460 - 343. Is i prime?
True
Suppose 14 = -5*v - 4*z, -2*z - 3 = -5*v - 11. Is v/13 + 5438/26 prime?
False
Let i be 1*-2 - (-22 + 7). Let k be i/(-78) - (-9991)/6. Suppose 0*s - 5*s = 5*q - k, -4*s = -5*q - 1314. Is s composite?
False
Let k = 648 + 40019. Is k prime?
False
Suppose -5*x + 25 = -5*v, -4*x = -x + 3*v - 9. Suppose -80 = 4*f - x*i, -3*f - i - 130 = 2*f. Let t = 22 - f. Is t composite?
False
Suppose 817394 = 25*n - 402681. Is n prime?
False
Suppose -14*c + 18*c = 40. Is c composite?
True
Suppose 3904307 = 80*w + 41*w. Is w prime?
False
Let h = -269 - -822. Is h a composite number?
True
Let b(s) = -2*s**2 - 13*s + 7. Let x be b(-7). Suppose x = -4*m - 25 + 21. Is (-488)/m - (-6)/(-2) composite?
True
Let y = -5 + 8. Suppose y*r + 5*s + 31 - 6 = 0, -5*r = -4*s - 20. Suppose r = j - 53 - 30. Is j composite?
False
Suppose 6*k - 3*k = 4*h - 5579, 0 = 5*h + 3*k - 6994. Is h a prime number?
False
Let q be (1 - (7 - 203)) + -1 + 0. Let t = q - 78. Is t prime?
False
Suppose 0 = -5*i + 2*i + 2*r + 2365, -i - 3*r + 781 = 0. Is i a composite number?
False
Let s(y) = y - 16. Let p be s(18). Suppose 2*l - 3*u = 1334, 2*l + u - 1334 = -p*u. Is l a composite number?
True
Let x = 13 - 10. Let v be 3/(((-6)/(-2))/x). Is (158/(-8))/(v/(-12)) a composite number?
False
Let k(t) = -14*t**3 + 10*t**2 + 11*t - 21. Is k(-8) composite?
False
Suppose -3*s + 80*s = 5076841. Is s prime?
False
Suppose -155*k + 162*k = 54803. Is k a prime number?
True
Let a be 6/(-18) - 14/(-6). Let f(c) = -c + 10*c**a - c - 3*c**2 - 7 + c. Is f(7) composite?
True
Let n = 11 + -7. Suppose -137 = -4*m + 3*l + 675, n*m + l - 828 = 0. Is m a prime number?
False
Suppose 0 = 3*k + 2*k + 5*c - 25, k = -5*c + 9. Suppose 0 = -4*v - k. Is 141/6 - v/(-2) a prime number?
True
Let k(p) = 22*p**2 + 13*p - 8. Let q = -57 - -68. Is k(q) a prime number?
True
Let v(w) = 86*w - 8. Suppose z + 3 = 5. Suppose -5*s + 27 = z. Is v(s) prime?
False
Let w(a) = -155*a - 11. Suppose 4*n - 3*u + 21 = 0, -5*u = 4*n - 3*n + 11. Let y be w(n). Let s = y - 234. Is s a prime number?
False
Suppose -5*q + 3*q = -48. Let b = -2 + q. Is b prime?
False
Let z = 11 + -9. Suppose 16 = 3*q - z. Is ((-8)/12)/(q/(-279)) a composite number?
False
Let t(h) = h**2 - 31*h - 28. Let v be t(32). Suppose -4483 = -v*l - 1167. Is l composite?
False
Let w(d) = -441*d - 1. Let g be w(1). Let h = g - -112. Let z = 623 + h. Is z prime?
True
Let u(w) = -w**3 - 13*w**2 + 2*w + 31. Let l be u(-13). Suppose -2397 = -l*i + 6448. Is i a composite number?
True
Let a = 81 + -78. Suppose 4*o - p - 3*p - 8216 = 0, -4*o + a*p + 8215 = 0. Is o a prime number?
True
Let t(x) = 5*x**2 + 24*x + 62. Is t(-11) prime?
False
Suppose -3*t = -y - 56093, -30139 = -2*t + 2*y + 7259. Is t a prime number?
False
Let l(x) = -19*x**3 + 3*x**2 + 9*x + 6. Is l(-5) a composite number?
False
Suppose 12*z - z - 18117 = 0. Let m = -5 + z. Is m composite?
True
Let k be (-26058)/(-12) + 2/4. Suppose -3*q = -5*q - 4*f + k, f = -4*q + 4330. Suppose 27 - q = -5*p. Is p a composite number?
False
Let f = -12